0. Let i(b) = b**3 + 11*b**2 + 5. Let d be i(s). Calculate the greatest common factor of d and 42.
21
Let g(x) = x**2 + x + 18. Let n(d) = d + 7. Let l be n(-7). Let r = 0 - l. Let u be g(r). Calculate the highest common divisor of u and 45.
9
Let i be (-17)/(0 - 2/2). What is the highest common divisor of 136 and i?
17
Let s be (-1 - -2)/((-2)/(-8)). Let n(i) = -3*i**2 - 4*i - 3. Let y be n(-4). Let m be ((-12)/15)/(1/y). What is the highest common factor of m and s?
4
Let b(h) = -h**3 + 8*h**2 - 6*h - 2. Let f be b(7). Suppose -18 = -f*v - 3. What is the highest common factor of v and 3?
3
Let g be (-46)/(-14) - (-2)/(-7). Let m be 3*(g + (-177)/(-9)). What is the greatest common divisor of 17 and m?
17
Suppose a - 48 = -a. Suppose 0 = -g - 0*g - s + 44, g - a = 4*s. What is the highest common factor of g and 8?
8
Suppose 0 = -3*i - 3*i + 174. Calculate the greatest common divisor of 203 and i.
29
Let r be (-3)/(6*(-2)/64). Calculate the greatest common divisor of r and 24.
8
Let p be (1 + 0)/((-7)/308*-4). Calculate the highest common divisor of p and 33.
11
Suppose 15 = -5*a - 0*a, 0 = -2*s + 2*a + 102. Suppose 421 = 15*i - 59. Calculate the highest common divisor of i and s.
16
Suppose 5*c = -2*j - 320 + 1181, -2*c = j - 344. Suppose c + 82 = 3*s. Let d = s - -27. What is the highest common divisor of 14 and d?
14
Let l(j) = 25*j**2 - 11*j + 4. Let i be l(4). Let d be 2/(-5) + i/25. What is the highest common divisor of 2 and d?
2
Suppose -4*o + 5 = -31. Let q be (-6)/4*(-42)/o. Calculate the highest common factor of 35 and q.
7
Suppose -12*c = -24*c + 168. Suppose 184 = 2*y - 3*a, -2*y - 3*y + 498 = 2*a. What is the greatest common factor of y and c?
14
Let f(h) = h**2 - h - 4. Let x(w) = -2*w**2 + 2*w + 9. Let o(p) = 9*f(p) + 4*x(p). Let u be o(2). Calculate the highest common divisor of 2 and u.
2
Let n = 51 - 35. Suppose 2*a + 0*a = 8. What is the highest common divisor of a and n?
4
Suppose 147 + 147 = 3*i. What is the greatest common divisor of i and 245?
49
Let m be 1*-2 - (-114)/(24/8). What is the greatest common divisor of m and 48?
12
Let c be (-14)/(-1) + (2 - 0). Let j(y) = -2*y - 12. Let r be j(-8). Suppose 3 + 11 = n + 2*f, -5*n = -r*f. Calculate the highest common factor of n and c.
4
Suppose -13 = -5*a + 2, 3*u - 3*a = 36. What is the highest common factor of u and 45?
15
Suppose 4*p = 10 + 122. Calculate the greatest common divisor of 33 and p.
33
Let j(r) = r**3 - 9*r**2 + 10. Let n be j(9). Calculate the highest common divisor of n and 40.
10
Suppose -5*i + 20 - 5 = 0. Let r = 0 + i. Calculate the greatest common divisor of 6 and r.
3
Let z = -24 + 27. Calculate the greatest common divisor of z and 24.
3
Let n = 151 - -69. What is the greatest common factor of 20 and n?
20
Suppose -9*d - 920 = -14*d. What is the highest common factor of 23 and d?
23
Suppose 28 = -5*v + 148. Calculate the highest common divisor of 6 and v.
6
Let w(z) = -50*z**3 + z**2 + z. Suppose -2*g = 2 - 0. Let d be w(g). Let j = 18 - 8. What is the greatest common divisor of j and d?
10
Let r(m) = -m + 3. Let y be r(0). Suppose y*h - 58 - 2 = 0. Calculate the highest common factor of h and 4.
4
Let z(j) = 2*j - 6. Let b be z(4). Suppose d - 110 = -2*g - b*g, -2*d + 268 = -4*g. What is the highest common factor of d and 14?
14
Let o be (-2)/(-4) + 3/2. Let p(w) = -2 - o*w**3 + 2*w - 10*w**2 + w**2 - 10*w. Let s be p(-6). What is the greatest common divisor of 14 and s?
14
Let g be (-4)/(-26) - 2895/(-195). Calculate the highest common factor of g and 5.
5
Let o(g) = 3*g**2 - 11*g + 7. Let z = -18 - -25. Let f be o(z). Let b be 7 + -8 - -3 - -5. Calculate the highest common factor of f and b.
7
Let h(n) = 267*n - 2. Let q be h(1). What is the highest common factor of 53 and q?
53
Suppose -3*z + 294 = 2*u, 4*u - 3*z - 590 = -8*z. What is the highest common divisor of 30 and u?
30
Let z be 870/36 + (-1)/6. What is the highest common divisor of 36 and z?
12
Let q = -8 + 10. Calculate the highest common divisor of 18 and q.
2
Let y(r) = -r**2 + 3*r + 37. Let d be y(7). What is the greatest common divisor of 1 and d?
1
Let b(v) = 0*v**2 + 5*v - 12 - v**2 + 13*v - 8*v. Let u be b(8). What is the greatest common divisor of u and 2?
2
Suppose -4*x = -2*x - 220. What is the greatest common divisor of 10 and x?
10
Let i = 2 + 2. Let f = -3 + 5. Calculate the highest common divisor of i and f.
2
Let x(c) = 819*c**3 - 2*c**2 + c. Let t be x(1). Let o be (-1)/6 - t/(-12). Suppose 0 = 4*h + o - 236. Calculate the greatest common factor of h and 63.
21
Let j be 12/1 + 0/12. Calculate the highest common divisor of j and 18.
6
Suppose z - 8 = 2*b, b + 0*z = 5*z - 22. Let r = b + 7. Suppose r*t = -154 + 574. What is the greatest common factor of t and 12?
12
Suppose 12*y + 35 = 17*y. What is the highest common divisor of 1 and y?
1
Suppose -5*k + 1 + 1 = -4*u, 3*u - 3*k = 0. Calculate the greatest common factor of 16 and u.
2
Let k(q) = 3*q**2 + 3*q + 3. Let b be (-60)/18 - 1/(-3). Let h be k(b). What is the greatest common divisor of 7 and h?
7
Let w = -120 + 125. Suppose 2*q - 15 = -q. Calculate the greatest common divisor of q and w.
5
Suppose 2*c = -3*r + 4*r - 32, 122 = 4*r - 5*c. Let q = -355 + 359. Calculate the highest common divisor of r and q.
4
Let t be 2/3 + (-7)/(-3). Suppose -p = t*p - 40. Suppose 2*q - 105 = -5*l, 2*q + 2*l - 21 = 81. What is the greatest common factor of p and q?
10
Let g = 332 - 142. Suppose g + 50 = 3*q. Suppose 0 = -0*x - 4*x + 40. Calculate the highest common divisor of q and x.
10
Suppose -59 = -4*g + 5. What is the greatest common factor of g and 2?
2
Let i be (30*(-6)/4)/(-1). Suppose -12 = -4*n + 8. Calculate the greatest common divisor of i and n.
5
Let l(c) = -c**3 + 13*c**2 - 4*c + 18. Let d be l(9). What is the highest common divisor of 34 and d?
34
Let n = 10 - 6. Calculate the greatest common divisor of 44 and n.
4
Suppose -19*c = -14*c - 30. Suppose -c*y + 468 = -2*y. Calculate the greatest common divisor of 13 and y.
13
Let s be -17 + 19 - (1 + -4). Let p be ((-4)/(-5))/((-2)/(-10)). Suppose -2*a - s = 4*g - 27, 3*g + 11 = p*a. Calculate the greatest common divisor of 24 and g.
3
Suppose 4*c + 36 = 4*l, -4 = 5*l + 2*c - 21. Suppose 3*t - 9 = d - 2*t, -d = l*t - 21. Let s be -48*(3/(-2) + 1). What is the highest common factor of s and d?
6
Suppose -12*l = -7*l - 90. Let r(m) = 2*m**2 + 1. Let h be r(2). What is the highest common factor of l and h?
9
Let x = -153 + 159. Let y be -5*((-18)/(-5))/(-3). Calculate the highest common divisor of x and y.
6
Let o = 264 + -111. Suppose -o - 845 = -5*q - 2*v, 0 = 2*v - 8. What is the highest common factor of 22 and q?
22
Suppose -4*i = -7*i + 15. Suppose -8*g + 15*g = 280. Suppose -i*f + f = -g. Calculate the greatest common factor of 10 and f.
10
Suppose -3*a - 2*a + 120 = 0. Suppose 3*s + k = -3*k + a, 5*s - 3*k = 11. What is the greatest common factor of s and 6?
2
Let s(y) = -y**2 + 9*y - 10. Let m be s(5). Calculate the highest common factor of m and 50.
10
Let c be (4 + 11)*(-6)/(-15). Suppose n - 104 = 5*n + g, -5*n - 130 = 5*g. Let a be (0 - n) + -1 - 1. Calculate the highest common divisor of c and a.
6
Suppose 3*s = -0*s + 297. Let t(o) = o**3 + o - 1. Let n be t(2). What is the highest common factor of n and s?
9
Let q(y) = y**2 + 5*y + 4. Let w be q(-4). Suppose 0 = -2*c - w + 2. Calculate the highest common divisor of c and 11.
1
Let a(b) = -b**2 - 6*b + 2. Suppose -18*v = -13*v + 25. Let f be a(v). Calculate the greatest common divisor of f and 35.
7
Suppose 5*p = 2*n + 7, 0*p - p - 3*n - 2 = 0. What is the greatest common divisor of p and 4?
1
Let w = 18 + -5. What is the highest common factor of w and 91?
13
Suppose -3*s + 5*o + 1 = -35, 0 = 4*s - 3*o - 37. What is the greatest common divisor of s and 28?
7
Let r be ((-3120)/13)/12*(1 + -4). Suppose -d - 5*i = -0*d - 16, -4*i + 37 = 3*d. Let f be (0 - 1 - -2) + d. What is the highest common factor of f and r?
12
Suppose -3*r + 22 + 38 = 0. Let w be ((-1)/(-2))/((-2)/(-120)). What is the highest common factor of w and r?
10
Let w(r) = 4*r**2 - 15*r - 10. Let q be w(6). Calculate the greatest common divisor of q and 176.
44
Suppose 0 = 5*i - 3*i. Suppose -3*o = -i - 6. What is the highest common factor of 6 and